. Suppose -4*u - 31 = -i*w, 0 = 5*w - 3*u + 2*u - 34. List the prime factors of w.
7
Let a(f) = f**3 + 14*f**2 + 14*f + 18. Let t be a(-13). Suppose 4 = -t*i - 1. List the prime factors of (i - (-23 + 1)) + 3.
2, 3
Let q = 1155 + -270. What are the prime factors of q?
3, 5, 59
List the prime factors of 60436/12 - (132/(-36) + 5).
5, 19, 53
Suppose -3*a - 3*o = 345, 0*a - 3*o = -a - 131. Let m = 161 + a. What are the prime factors of m?
2, 3, 7
Let i(c) = 3763*c**2 - 16*c - 14. What are the prime factors of i(-1)?
3, 5, 251
Let i be (2 - 8)*12/(-9). Let k(x) = -15. Let m(o) = o + 14. Let q(l) = 5*k(l) + 6*m(l). What are the prime factors of q(i)?
3, 19
Let v be (-2 - (5 + -2))/(-1). Let q be (-174)/36 - (-3)/(-18). What are the prime factors of q/v*3*-1?
3
Let s(i) be the second derivative of -i**4/12 + 17*i**3/6 - 15*i**2/2 - 10*i - 1. What are the prime factors of s(11)?
3, 17
Let o = 14 + -14. Suppose o = 2*a + 3*i + 17, 5*i + 26 = -3*a - 0*i. List the prime factors of (-29 - 1)*a/14.
3, 5
Let i be (25/5)/(-5) + 1*6. Suppose 5*f - f + i*j - 61 = 0, 2*f = 5*j + 23. What are the prime factors of f?
2, 7
Let d = 346 + 135. What are the prime factors of d?
13, 37
Let i be (95/(-15) + 3)*(-126)/15. Suppose 31*m - i*m - 6 = 0. What are the prime factors of m?
2
Let z = 66 + 162. List the prime factors of z.
2, 3, 19
Let m = 575 - 432. List the prime factors of m.
11, 13
Let y = -10 + 16. Suppose -2*g - 475 = 5*z + 3*g, 0 = -5*z + 2*g - 468. List the prime factors of z/(-5) + y/30.
19
Let x be 3*-1*(136/(-24) - -4). Suppose -3*d - 4*g + 460 = -0*d, 5*g = 4*d - 665. Suppose -d = -4*q - 2*y, x*y = 3*q - 100 + 6. What are the prime factors of q?
2, 19
Suppose 0 = -2*s + w - 6 - 8, -12 = s + 2*w. Let t(c) = -c**3 - 14*c**2 - 2*c. Let q be t(-14). List the prime factors of 98/q*s/(-14).
2
Let n(f) be the third derivative of 3*f**5/20 + f**4/24 + f**3/3 + 16*f**2. What are the prime factors of n(-2)?
2, 3
Suppose 27*l + m = 26*l + 614, 0 = 5*l + 3*m - 3068. What are the prime factors of l?
613
Suppose 3*b = 5*b + 3*v + 29, -4*b - 3*v = 49. Suppose -3*a - 5*l = -7 - 79, 3*l - 122 = -5*a. Let x = a + b. What are the prime factors of x?
2, 3
Suppose 7*r - 3*r = 996. What are the prime factors of r?
3, 83
Suppose 0*d + 68 = 2*q + 2*d, 3*q - 107 = -2*d. Let z = -26 + q. What are the prime factors of z?
13
Let z = 53 + -50. Suppose -5*c = z*u + u - 99, -2 = -2*u. List the prime factors of c.
19
Let d(a) = 7*a**2 + 2*a - 2. Let v be d(-2). Let o be 1*(v + (1 - 4)). Let w(c) = c**3 - 18*c**2 - 16*c - 3. List the prime factors of w(o).
2, 3
Let i be 7/1 - 3 - -78. Suppose -2*y = -3*y + i. Suppose -j - 29 = -y. What are the prime factors of j?
53
Suppose 120 = -2*s - 2*s. List the prime factors of 408/s*5/2*-1.
2, 17
List the prime factors of 1236/3 - 2 - (-4 + 7).
11, 37
Suppose -4*a + 0*j - j = -4358, -4*j = -8. What are the prime factors of a?
3, 11
Let k be (-41)/(-13) - (-6)/(-39). Suppose 1 - 25 = -3*m + 3*p, -12 = -m + k*p. List the prime factors of 4/2*6/m.
2
Suppose 2388 = -12*i + 8844. What are the prime factors of i?
2, 269
Suppose 3*h - 1 = -o, -7 = -2*o + h + 2. Suppose d - 113 = -4*a, -a = -o*a + 9. What are the prime factors of d?
101
What are the prime factors of 18/(-99) + (-4567)/(-11)?
5, 83
Let x(a) = -136*a**3 - 5*a**2 - 4*a - 2. What are the prime factors of x(-1)?
7, 19
Let z(h) = -h - 7. Let w be z(-19). Let o = -7 + w. Suppose i - 17 + 6 = -5*u, 61 = i - o*u. List the prime factors of i.
2, 3
Let k = 867 - -692. List the prime factors of k.
1559
List the prime factors of (764 - -4)/(-2)*(-51)/12.
2, 3, 17
Let n(i) = -24*i**3 + 3*i**2 + 19*i + 7. What are the prime factors of n(-3)?
5
Let h(j) = j**2 + 2*j. Let c be h(5). Let z be 10/c - 2/7. What are the prime factors of 4/(6/87 - z)?
2, 29
Let f(p) = p - 5. Let i be f(10). Let u(y) = -5*y + 7*y - i*y - 1. What are the prime factors of u(-7)?
2, 5
Let r(y) be the first derivative of -333*y**4/4 + y**3/3 + 14. What are the prime factors of r(-1)?
2, 167
Let y(s) = s + 8. Let k = 32 - 38. Let d be y(k). What are the prime factors of (-3266)/23*(-1)/d?
71
Suppose -4*q = -3*l + 900, 4*q - 5*l - 260 = -1152. List the prime factors of (3 + -4)/(4/q).
3, 19
Let f(u) be the second derivative of u**4/6 - u**3/6 - 7*u**2/2 - 4*u. Let p(l) = -l - 1. Let a(z) = f(z) - 2*p(z). What are the prime factors of a(-4)?
23
Suppose 3*t - 2*g = -2*t + 2226, 0 = 5*t + 2*g - 2234. What are the prime factors of t?
2, 223
Suppose 4*f + 24 = 2*u, 0*u + 2*f + 18 = 2*u. Suppose 2*x - 6 = u. Let l(c) = -c**2 + 15*c - 2. List the prime factors of l(x).
2, 13
Suppose 3*l = -q + 1362, -69*q + 72*q - 5*l - 4030 = 0. List the prime factors of q.
2, 3, 5
Suppose -34 = 13*c - 8. What are the prime factors of 3 - (-5)/c - 446/(-4)?
2, 7
What are the prime factors of 6 + -8 + 4 - (-503 - 0)?
5, 101
Let m be (0/2)/(-3 - -2). Suppose -8*b + 3*b + 4*l + 30 = m, 0 = 2*l. List the prime factors of 1339/78 - 1/b.
17
Let v(x) = x**2 + 2*x - 3. Let z be v(-4). Suppose 4*s = 6*s - 2, 4*t + z*s = 333. List the prime factors of t.
2, 41
Suppose l - 5*l + 28 = 0. Suppose -292 + 1300 = l*p. List the prime factors of p.
2, 3
Suppose -4887 = -l - 2*r, -22*r + 19*r = 0. What are the prime factors of l?
3, 181
What are the prime factors of -3*((-34)/3 - -4)?
2, 11
List the prime factors of 4*58 + -26 + 18.
2, 7
What are the prime factors of 9*(-3)/((-63)/2107)?
3, 7, 43
What are the prime factors of 32058/11 + 504/(-1386)?
2, 31, 47
Suppose -10 = -3*c - 3*u + 5, u - 1 = 0. Suppose 0 = -0*f + c*f - 112. List the prime factors of f.
2, 7
Let j = -58 + -112. Let z = j + 257. List the prime factors of z.
3, 29
Suppose -2*l - l + 9 = -3*d, 3*d = 2*l - 11. Let n be (-3 - (-21)/6)*l. List the prime factors of 2*(-2 - -20) + n.
5, 7
Let s(i) = -11*i - 2. Let k be s(-2). Let m be (-375)/k*16/(-6). What are the prime factors of ((-12)/10)/((-6)/m)?
2, 5
Suppose 68 = -a - 99. Let z = 243 + a. Suppose z = 3*v - 44. List the prime factors of v.
2, 5
Let q be (-742)/(-3)*6/4. Suppose h - i = -h + 269, 5*i - q = -3*h. List the prime factors of h.
2, 3, 11
Let x(o) = -6*o + 22. Let r be x(-9). Suppose 5*k - 100 = -5*n, -r = -4*k - 8*n + 3*n. List the prime factors of k.
2, 3
Let o be (4/(-6))/(-2*(-5)/(-150)). What are the prime factors of 925/o - (-2)/4?
3, 31
Let s(d) = 351*d + 95. List the prime factors of s(2).
797
Suppose -90*b + 91*b - 4*i = 2767, 2*i - 8 = 0. List the prime factors of b.
11, 23
Suppose -287 = -2*r + 733. What are the prime factors of r?
2, 3, 5, 17
Suppose -18 = -4*n + n. Suppose -2*s = 2*f - n, -3*f + 2*s + 2 = -2. Suppose f*v + w - 31 = 0, -3*v + w = -w - 50. What are the prime factors of v?
2
Let f(i) = -16*i - 80. Let a be f(-5). What are the prime factors of (-26)/4*(a - (-1 + 45))?
2, 11, 13
Let z = -144 - -322. List the prime factors of z.
2, 89
Suppose -g = -7*h + 17594, -g - 4*g - 12550 = -5*h. What are the prime factors of h?
2, 3, 419
Let k = -1456 + 2563. List the prime factors of k/21 + (-12)/(-42).
53
Let s be (-15)/2*(-4)/6. Suppose -8*t = -12*t + 832. Suppose -u - t = -s*u. List the prime factors of u.
2, 13
Suppose -d = 4*q - 320, -4*q = -13*d + 15*d - 324. What are the prime factors of q?
79
Suppose -10*d + 4290 = -1100. What are the prime factors of d?
7, 11
Let s be (-4 + -8)*(-12)/9. Suppose 38*h - s = 34*h. What are the prime factors of ((-140)/(-50))/(h/10)?
7
Suppose 2*t - t - 230 = 0. What are the prime factors of t?
2, 5, 23
Let x = -8 - -11. Suppose -x*r + 50 = -37. Let i = -21 + r. What are the prime factors of i?
2
Let p(y) be the first derivative of -y**3/3 + 6*y**2 - 8*y - 3. Let s be p(13). Let l = -18 - s. What are the prime factors of l?
3
Let w(z) = -3*z - 14. Let n be w(-4). What are the prime factors of n + ((-2)/15 - 19830/(-225))?
2, 43
What are the prime factors of (8 - (-182)/3)*21?
2, 7, 103
Suppose y + 8 = -y + 4*n, -5*n + 4 = -4*y. Let g = 54 + y. What are the prime factors of g?
2, 29
Suppose -2*c - 3*c + 15 = 0. Let m(b) = 6*b + 2. Let x be m(c). Let r = x + 7. What are the prime factors of r?
3
Let d = 21 - 18. Suppose -4*n + a - 5*a = -644, -789 = -5*n + d*a. Suppose -4*p = -21 - n. List the prime factors of p.
3, 5
Suppose 1 + 9 = 2*d. Suppose -2*p = d*j - 297, 5*p = 3*j - 6*j + 695.